3 = -293*f - 56008 + 4677. What is the remainder when f is divided by 164?
12
Let v = 2880 - 2841. What is the remainder when 999 is divided by v?
24
Calculate the remainder when 3/(-3 + 9/4) + 253 is divided by 71.
36
Let m be 15/(-9)*(-5 + -2 + 4). Suppose -735 + 24 = -5*s - 3*n, -m*s - n + 707 = 0. Calculate the remainder when s is divided by 16.
13
Suppose -3 = -3*o - 102. Let y = 42 - 28. Calculate the remainder when (-6)/o + (-1)/11*-295 is divided by y.
13
Let d(g) = -g**2 + 28*g + 601. What is the remainder when d(37) is divided by 13?
8
Let l(i) = i**2 + 100*i - 1332. What is the remainder when 5997 is divided by l(12)?
9
Let t be ((-2)/(-4))/((-7)/42). Let u = -6 - -63. What is the remainder when u is divided by (t/4)/(2/(-80))?
27
Let k be (-5*1 - (11 - 15))*-3. Suppose 2*m = -10, -k*n = -5*m + 7 - 80. Calculate the remainder when 63 is divided by n.
15
Let i = -199 - -201. Suppose -4*k - 38 - 2 = -2*m, -i*m + 25 = k. Calculate the remainder when 49 is divided by m.
7
Suppose -2 + 22 = 5*q. Suppose -g = -q*g - 4*t + 109, -74 = -2*g - 2*t. Suppose 8*u - g = 193. What is the remainder when 114 is divided by u?
27
Let l(g) = 43*g + 1. Let d be ((-1)/(-2))/(3/(-6)) - 193. Let o = d - -217. Calculate the remainder when l(2) is divided by o.
18
What is the remainder when 7146 + (6/(-30) - 1008/(-140)) is divided by 1429?
8
Let s(z) = -2*z**3 - 2*z**2 - 2*z - 2. Let w(d) = 2*d - 53. Let k be w(25). Calculate the remainder when 99 is divided by s(k).
19
Suppose 3*n = -n + 460. Let x(q) = 2*q**3 + 8*q**2 - 9*q - 5. Let t be x(-4). Calculate the remainder when n is divided by (-10)/5*1 + t.
28
Suppose -50*y + 2552 = -5048. What is the remainder when 154 is divided by y?
2
Let x(g) = -19*g**2 + 3*g - 6. Let o be x(3). Let m = 240 + o. Suppose -a - m = -3*w + 2*a, -2*w + 5*a = -60. What is the remainder when 53 is divided by w?
13
Suppose 8*w - 13*w - 3674 = -27*w. What is the remainder when 350 is divided by w?
16
Suppose -3*i + y = -997, -4*i + 1326 = 120*y - 123*y. What is the remainder when i is divided by 8?
5
Let b = 736 - 379. Suppose 2*x - b = -321. What is the remainder when x is divided by 9?
0
Let u = -479 + 542. Suppose 0 = 2*p + 2*p - a - u, -2*p + 36 = -2*a. What is the remainder when p is divided by 10?
5
Suppose 0 = -3*q + v + 827 + 2435, 3*q = 3*v + 3258. Suppose 5*a + q = 9*a. What is the remainder when (2/4)/(4/a) is divided by 12?
10
Let l = 222 - 1. Suppose -46 = -4*m + 3*y + l, -2*y = 2. Calculate the remainder when m is divided by 10.
6
Let z(c) = 4*c**2 + 4*c. Let s be z(-4). Let b = s - 29. Let f = 70 + -35. Calculate the remainder when f is divided by b.
16
Suppose -3*x + 4*x + 420 = 2*l, -x = 5*l - 1064. What is the remainder when 426 is divided by l?
2
What is the remainder when 3025 is divided by (100/(-75))/((-3351)/(-13500) + (-2)/8)?
25
Suppose -2*a + 34 = 10*k - 9*k, 4*k + 3*a - 156 = 0. Calculate the remainder when 22928 is divided by k.
38
Let r(v) = -2*v**2 + 20*v + 476. What is the remainder when 54 is divided by r(21)?
12
Let m = 1759 + -969. Let l(f) = f**3 + 21*f**2 - 48*f - 40. Let o be l(-23). Suppose -o*h + m = 4. What is the remainder when h is divided by 33?
32
Let v = -581 + 1265. Let j = 749 - v. What is the remainder when 255 is divided by j?
60
Suppose -2244 = -l + 3*l. Suppose 53*t = 61*t - 3008. Calculate the remainder when ((-3)/2)/(-3 - l/t) is divided by 49.
45
Let c(f) = -4*f**2 + 19*f - 17. Let h(v) = -11*v**2 + 56*v - 52. Let l(i) = 8*c(i) - 3*h(i). What is the remainder when l(20) is divided by 21?
16
Suppose 4*y + 76 = 4*s, 4*s + 4*y = 76 - 0. Let j = 99 + -29. What is the remainder when j is divided by s?
13
Suppose 0 = 18*g + 52*g - 8263 - 6367. What is the remainder when g is divided by 38?
19
Let t(r) = r**2 - 440*r + 8. What is the remainder when 102 is divided by t(0)?
6
Let g be (-1)/2 + 25/10 - 219. Let h = 240 + g. What is the remainder when h is divided by 3?
2
Let m(y) = -y**2 + 3*y + 42. Let l be m(21). Let g = 652 + l. Calculate the remainder when 61 is divided by (-4)/(-10) - g/(-10).
29
Suppose 54*q - 11*q = 3784. What is the remainder when 1405 is divided by q?
85
Let w(x) = -269*x - 5375. Calculate the remainder when 2708 is divided by w(-20).
3
Let q = -6084 - -9616. Calculate the remainder when q is divided by 101.
98
Let v = 6 - 29. Let c = 16 + v. Let k(n) = 3*n**2 + 2*n. What is the remainder when k(c) is divided by 46?
41
Suppose -5*s - 22 = -142. Suppose 0 = m - 0 + 1, -3*m + 264 = 3*z. Calculate the remainder when z is divided by s.
17
Let w(n) = -3*n**3 + n**2. Let a be w(-1). Suppose 40 = 6*d + a*d. Let h(b) = b**3 - 2*b**2 + 5*b + 1. What is the remainder when h(d) is divided by 28?
25
Suppose 134 = 2*k - 4*o, -2*k + 0*k - 4*o + 110 = 0. Calculate the remainder when k is divided by (-4 + -1 + -2 + 11)*(-11)/(-2).
17
Suppose -4*u + 4*j = -748, -j + 177 = -5*u + 6*u. What is the remainder when u + 0 + (21 - 19) is divided by 37?
36
Calculate the remainder when 1865 is divided by 116 - 3488/654*(-2 + (-2)/(-4)).
5
Let v(r) = 10*r**2 + 4*r + 9. Let f be v(-8). Suppose 0 = -22*h + 8997 + f. Calculate the remainder when h is divided by 55.
52
Suppose -12146*w = -12134*w - 6228. Calculate the remainder when w is divided by 4.
3
Suppose -22 = -s + 6. Calculate the remainder when (4/26 - (-140)/273)/(6/585) is divided by s.
9
Let f = 227 + -456. Let i = 361 + f. Calculate the remainder when i is divided by 67.
65
Let r(x) = -11*x. Let f be r(-5). Suppose -3*o + f = v, -3*v = v + o - 198. Calculate the remainder when v is divided by -9*(2 - 3)*(-6)/(-2).
22
Let g(u) = -6*u**2 + 5*u + 2. Let n(q) = q**2 + q + 1. Let y(r) = -g(r) - 4*n(r). Let f = 738 - 627. What is the remainder when f is divided by y(7)?
24
Let s(g) = 5*g**2 - 2*g + 1. Suppose 147*i - 144*i - 3*k - 51 = 0, 11*k + 89 = -3*i. What is the remainder when i is divided by s(1)?
3
Suppose 0 = -4*x - d + 433, -2*d - 2*d + 206 = 2*x. Let a = -72 - -100. Calculate the remainder when x is divided by a.
25
Let f = -3422 + 3519. Calculate the remainder when f is divided by 22.
9
Let g(t) = 71*t - 294. What is the remainder when 530 is divided by g(5)?
42
Let i(z) = -40*z**2 - 1721*z - 3. Calculate the remainder when i(-43) is divided by 22.
18
Let r be -6*(-3)/12*2 - -2. Suppose q + 80 = -2*f - q, r*q = 2*f + 80. Let m = 60 + f. What is the remainder when 39 is divided by m?
19
Let f(b) = b - 14. Let p be f(17). Let r be 4 - 5/((-15)/p). Suppose -80 = -5*u + r*n, -u - 5 - 3 = 5*n. Calculate the remainder when 57 is divided by u.
9
Let g(v) = -120*v**2 - 369*v + 2. Calculate the remainder when 1737 is divided by g(-3).
26
Let g(q) = 3*q**2 + 105*q + 407. Calculate the remainder when g(-41) is divided by 16.
9
Let q(j) = 10*j - 1 + 5*j + 4*j. Let i be (-1)/(((-8)/(-20))/((-16)/40)). What is the remainder when 31 is divided by q(i)?
13
Suppose 15 = 5*w, -2*r - 3*r - 2*w = -36. Suppose 185 = r*n - 49. Let b = n - 20. Calculate the remainder when 22 is divided by b.
3
Suppose 0 = 3*v + 3, -2*o = 2*v + 133 - 1805. Calculate the remainder when o is divided by 30.
27
Let r = -37 + 37. Suppose -c + 4*c - 198 = r. Suppose 0 = -3*a + 6*a - c. What is the remainder when 85 is divided by a?
19
Suppose 17 = 2*v - 51. Suppose 5*n + 8 = 3*j, 4*n - 4*j + j = -7. Calculate the remainder when 47 + 16 + (-2)/n is divided by v.
31
Suppose 9*x - 32*x - 149 = -8*x - 734. Calculate the remainder when (232/3)/((-2)/(-6)) is divided by x.
37
Let m(t) = 11*t - 4. Let d(x) = x**2 - 679*x + 18777. Calculate the remainder when d(28) is divided by m(3).
27
Suppose -y + 3*o = -244, 2*y - 256 = y - 3*o. Suppose -125*j - y = -120*j. Let s = 59 + j. Calculate the remainder when 32 is divided by s.
5
Suppose -x + 2 = 0, 38 - 266 = -2*d + x. Calculate the remainder when 339 is divided by d.
109
Let h = -52 - -97. Suppose 3205*p - 3191*p - 4368 = 0. What is the remainder when p is divided by h?
42
Let l be (9/2)/9 - 113/(-2). Suppose -3*k + 5*w = 141, k = 5*w - 0*w - l. Let x = 66 + k. What is the remainder when x is divided by 9?
6
Suppose -17 - 5 = -j. Suppose -14*u = -16*u + 4*y + 162, -4*y = -3*u + 249. Calculate the remainder when u is divided by j.
21
Suppose 0 = -h + 2695 - 912. What is the remainder when h is divided by 42?
19
Let h be 2/(